6261?
2
What is the units digit of 117?
7
What is the tens digit of 757?
5
What is the tens digit of 14082?
8
What is the units digit of 15?
5
What is the tens digit of 973?
7
What is the tens digit of 11231?
3
What is the hundreds digit of 29351?
3
What is the thousands digit of 12118?
2
What is the units digit of 7332?
2
What is the tens digit of 3419?
1
What is the units digit of 3041?
1
What is the hundred thousands digit of 115160?
1
What is the hundreds digit of 4412?
4
What is the thousands digit of 8833?
8
What is the hundreds digit of 18041?
0
What is the tens digit of 683?
8
What is the thousands digit of 6170?
6
What is the units digit of 1238?
8
What is the hundreds digit of 96410?
4
What is the units digit of 621?
1
What is the hundreds digit of 6363?
3
What is the tens digit of 7893?
9
What is the hundreds digit of 115710?
7
What is the thousands digit of 8497?
8
What is the units digit of 28?
8
What is the hundreds digit of 1300?
3
What is the units digit of 411?
1
What is the thousands digit of 9333?
9
What is the units digit of 429?
9
What is the hundreds digit of 151?
1
What is the units digit of 171551?
1
What is the tens digit of 599?
9
What is the hundreds digit of 203?
2
What is the units digit of 834?
4
What is the tens digit of 4582?
8
What is the units digit of 584?
4
What is the tens digit of 11017?
1
What is the hundreds digit of 36877?
8
What is the units digit of 32581?
1
What is the units digit of 5035?
5
What is the tens digit of 154?
5
What is the tens digit of 6197?
9
What is the tens digit of 11369?
6
What is the units digit of 641?
1
What is the units digit of 72609?
9
What is the tens digit of 21990?
9
What is the hundreds digit of 170?
1
What is the tens digit of 415?
1
What is the thousands digit of 116318?
6
What is the thousands digit of 1928?
1
What is the tens digit of 2108?
0
What is the hundreds digit of 773?
7
What is the units digit of 16940?
0
What is the thousands digit of 26436?
6
What is the hundreds digit of 372?
3
What is the ten thousands digit of 83229?
8
What is the tens digit of 855?
5
What is the hundreds digit of 6542?
5
What is the hundreds digit of 1310?
3
What is the hundreds digit of 991?
9
What is the units digit of 87153?
3
What is the thousands digit of 8313?
8
What is the tens digit of 1600?
0
What is the units digit of 21199?
9
What is the units digit of 547?
7
What is the hundreds digit of 6076?
0
What is the thousands digit of 35869?
5
What is the ten thousands digit of 16747?
1
What is the hundreds digit of 1928?
9
What is the hundreds digit of 2483?
4
What is the ten thousands digit of 20749?
2
What is the thousands digit of 2343?
2
What is the ten thousands digit of 51536?
5
What is the units digit of 118717?
7
What is the units digit of 5690?
0
What is the ten thousands digit of 29263?
2
What is the units digit of 4995?
5
What is the ten thousands digit of 25373?
2
What is the hundreds digit of 288?
2
What is the tens digit of 3726?
2
What is the thousands digit of 18836?
8
What is the tens digit of 4346?
4
What is the units digit of 12819?
9
What is the units digit of 3618?
8
What is the thousands digit of 109629?
9
What is the tens digit of 167666?
6
What is the thousands digit of 29837?
9
What is the units digit of 1129?
9
What is the hundreds digit of 9111?
1
What is the units digit of 2028?
8
What is the units digit of 78158?
8
What is the tens digit of 9678?
7
What is the units digit of 906?
6
What is the hundreds digit of 667?
6
What is the tens digit of 6381?
8
What is the hundreds digit of 492?
4
What is the units digit of 5388?
8
What is the units digit of 644?
4
What is the units digit of 935?
5
What is the units digit of 593?
3
What is the tens digit of 6236?
3
What is the tens digit of 69177?
7
What is the hundreds digit of 1186?
1
What is the hundreds digit of 7595?
5
What is the units digit of 44?
4
What is the thousands digit of 87257?
7
What is the hundreds digit of 1683?
6
What is the thousands digit of 17781?
7
What is the ten thousands digit of 67296?
6
What is the thousands digit of 1190?
1
What is the tens digit of 80280?
8
What is the thousands digit of 18848?
8
What is the tens digit of 8777?
7
What is the units digit of 40028?
8
What is the units digit of 416?
6
What is the hundreds digit of 7688?
6
What is the hundreds digit of 834?
8
What is the hundreds digit of 8353?
3
What is the thousands digit of 53109?
3
What is the hundreds digit of 420?
4
What is the hundreds digit of 2899?
8
What is the hundreds digit of 17246?
2
What is the hundreds digit of 41349?
3
What is the units digit of 4803?
3
What is the thousands digit of 15753?
5
What is the ten thousands digit of 39480?
3
What is the thousands digit of 2481?
2
What is the hundreds digit of 17174?
1
What is the tens digit of 23500?
0
What is the ten thousands digit of 32601?
3
What is the tens digit of 35959?
5
What is the hundreds digit of 30471?
4
What is the units digit of 79?
9
What is the tens digit of 153716?
1
What is the hundreds digit of 1053?
0
What is the thousands digit of 7606?
7
What is the units digit of 2004?
4
What is the units digit of 246?
6
What is the tens digit of 670?
7
What is the tens digit of 53960?
6
What is the hundreds digit of 6767?
7
What is the ten thousands digit of 61758?
6
What is the hundreds digit of 385?
3
What is the thousands digit of 27348?
7
What is the tens digit of 9098?
9
What is the thousands digit of 1928?
1
What is the tens digit of 17146?
4
What is the tens digit of 48035?
3
What is the units digit of 27088?
8
What is the tens digit of 8357?
5
What is the tens digit of 45853?
5
What is the hundreds digit of 90249?
2
What is the units digit of 11444?
4
What is the ten thousands digit of 13679?
1
What is the tens digit of 1216?
1
What is the units digit of 93809?
9
What is the tens digit of 3531?
3
What is the tens digit of 5368?
6
What is the units digit of 131?
1
What is the tens digit of 13915?
1
What is the tens digit of 1598?
9
What is the units digit of 271?
1
What is the units digit of 8254?
4
What is the units digit of 152791?
1
What is the thousands digit of 3526?
3
What is the units digit of 21392?
2
What is the thousands digit of 8226?
8
What is the units digit of 153423?
3
What is the tens digit of 64803?
0
What is the units digit of 803?
3
What is the tens digit of 3043?
4
What is the hundreds digit of 531?
5
What is the tens digit of 19819?
1
What is the thousands digit of 66007?
6
What is the ten thousands digit of 85184?
8
What is the units digit of 734?
4
What is the thousands digit of 28904?
8
What is the ten thousands digit of 19872?
1
What is the units digit of 80?
0
What is the thousands digit of 3317?
3
What is the ten thousands digit of 12120?
1
What is the hundred thousands digit of 107359?
1
What is the tens digit of 68?
6
What is the tens digit of 10115?
1
What is the hundreds digit of 68249?
2
What is the tens digit of 300?
0
What is the units digit of 33?
3
What is the hundreds digit of 1421?
4
What is the units digit of 241?
1
What is the tens digit of 13277?
7
What is the thousands digit of 144469?
4
What is the hundreds digit of 3861?
8
What is the units digit of 70282?
2
What is the thousands digit of 4246?
4
What is the ten thousands digit of 18854?
1
What is the tens digit of 14672?
7
What is the units digit of 8402?
2
What is the tens digit of 24398?
9
What is the thousands digit of 28465?
8
What is the ten thousands digit of 18650?
1
What is the units digit of 27280?
0
What is the hundreds digit of 36570?
5
What is the ten thousands digit of 27879?
2
What is the hundreds digit of 35508?
5
What is the thousands digit of 5821?
5
What is the ten thousands digit of 49577?
4
What is the hundreds digit of 165223?
2
What is the hundred thousands digit of 131883?
1
What is the tens digit of 3634?
3
What is the units digit of 4144?
4
What is the tens digit of 183?
8
What is the units digit of 4588?
8
What is the units digit of 6916?
6
What is the ten thousands digit of 27023?
2
What is the thousands digit of 10265?
0
What is the thousands digit of 59385?
9
What is the ten thousands digit of 92850?
9
What is the tens digit of 4175?
7
What is the units digit of 2305?
5
What is the tens digit of 12973?
7
What is the 